{"id":48930,"date":"2025-02-13T19:01:53","date_gmt":"2025-02-13T18:01:53","guid":{"rendered":"https:\/\/partners.sngular.com\/atlassian\/?page_id=48930"},"modified":"2026-02-10T15:38:56","modified_gmt":"2026-02-10T14:38:56","slug":"grupo-ledesma-auna-la-gestion-global-de-sus-proyectos-en-una-unica-plataforma-en-jira","status":"publish","type":"page","link":"https:\/\/partners.sngular.com\/atlassian\/grupo-ledesma-auna-la-gestion-global-de-sus-proyectos-en-una-unica-plataforma-en-jira\/","title":{"rendered":"Grupo Ledesma a\u00fana la gesti\u00f3n global de sus proyectos en una \u00fanica plataforma en Jira"},"content":{"rendered":"<div class=\"wpb-content-wrapper\"><section data-vc-full-width=\"true\" data-vc-full-width-init=\"false\" data-vc-stretch-content=\"true\" class=\"vc_row wpb_row vc_row-fluid brand22 hero22 heroslider cerrando em22 darkbg pb22-lg  pofo-stretch-content vc_row-no-padding\"><div class=\"wpb_column vc_column_container vc_col-sm-12  col-xs-mobile-fullwidth\"><div class=\"vc_column-inner \"><div class=\"wpb_wrapper\"><div class=\"vc_row wpb_row vc_inner vc_row-fluid slide  vc_row-o-equal-height vc_row-o-content-middle vc_row-flex\"><div class=\"wpb_column vc_column_container ptb22-sm vc_col-sm-8  col-xs-mobile-fullwidth\"><div class=\"vc_column-inner \"><div class=\"wpb_wrapper\"><div class=\"pb22-xs last-paragraph-no-margin\"><h1>Caso de \u00e9xito<\/h1>\n<\/div><div class=\"pb22-xs last-paragraph-no-margin\"><p>Grupo Ledesma a\u00fana la gesti\u00f3n global de sus proyectos en una \u00fanica plataforma en Jira<\/p>\n<\/div><a  href=\"https:\/\/partners.sngular.com\/atlassian\/contacto\/#origen=caso-exito-grupo-ledesma\" target=\"_blank\" class=\"btn pofo-button-1 button-style1  btn-dark-gray\" >Quiero ser el siguiente caso de \u00e9xito<\/a><\/div><\/div><\/div><div class=\"wpb_column vc_column_container vc_col-sm-4  col-xs-mobile-fullwidth\"><div class=\"vc_column-inner \"><div class=\"wpb_wrapper\">[vc_single_image image=\u00bb52931&#8243; img_size=\u00bbfull\u00bb css=\u00bb\u00bb]<\/div><\/div><\/div><\/div>[vc_raw_html css=\u00bb\u00bb]JTVCc25nJTIwaGVybyU1RA==[\/vc_raw_html]<\/div><\/div><\/div><\/section><div class=\"vc_row-full-width vc_clearfix\"><\/div><section class=\"vc_row wpb_row vc_row-fluid brand22 pb22-sm em22\"><div class=\"wpb_column vc_column_container vc_col-sm-8 vc_col-sm-offset-2 vc_col-xs-offset-1 vc_col-xs-10\"><div class=\"vc_column-inner \"><div class=\"wpb_wrapper\"><div class=\"last-paragraph-no-margin\"><p><strong>Grupo Ledesma <\/strong>es una empresa agroindustrial argentina con 115 a\u00f1os de historia, l\u00edder en la producci\u00f3n de az\u00facar y papel. Adem\u00e1s, la compa\u00f1\u00eda cuenta con una importante participaci\u00f3n en los mercados de frutas y zumos c\u00edtricos, adem\u00e1s de alcohol, bioetanol, carne y cereales.<\/p>\n<p>Comprometida con el desarrollo del pa\u00eds, Grupo Ledesma emplea a<strong> m\u00e1s de 6.000<\/strong> personas. En su mayor\u00eda trabajan en Jujuy, provincia en la que naci\u00f3 Ledesma; all\u00ed tienen 40.000 hect\u00e1reas destinadas a la cosecha de su principal materia prima: la ca\u00f1a de az\u00facar.<\/p>\n<p><img loading=\"lazy\" decoding=\"async\" class=\"aligncenter wp-image-48950\" src=\"https:\/\/partners.sngular.com\/atlassian\/wp-content\/uploads\/2025\/02\/2149161550.jpg\" alt=\"\" width=\"1500\" height=\"1000\" \/><\/p>\n<\/div><div class=\"last-paragraph-no-margin\"><h2>Punto de partida<\/h2>\n<p>El Grupo Ledesma ten\u00eda una necesidad clara: administrar sus proyectos a trav\u00e9s de una plataforma<strong> en la nube<\/strong> que permitiera concentrar la gesti\u00f3n m\u00e1s all\u00e1 de la metodolog\u00eda o marco de trabajo a aplicar. De esta manera, podr\u00edan tener una <strong>gesti\u00f3n de recursos multiproyecto<\/strong>.<\/p>\n<p>Es decir, la necesidad de contar con una \u00fanica plataforma s\u00f3lida donde almacenar toda la informaci\u00f3n relacionada al conjunto de sus proyectos.<\/p>\n<h2>Objetivos de la implementaci\u00f3n<\/h2>\n<p>Es en el a\u00f1o 2022 cuando el Grupo Ledesma se pone en contacto con Sngular (antes TecnoFor) para depositar su confianza en nuestro modelo de trabajo.<\/p>\n<p>El departamento de tecnolog\u00eda y proyectos del Grupo Ledesma soporta una gran carga de trabajo. Por ello, requer\u00edan un <strong>uso intensivo de Jira, <\/strong>adem\u00e1s de la adaptaci\u00f3n de la plataforma a las siguientes necesidades particulares:<\/p>\n<ul>\n<li><strong>Implementaci\u00f3n r\u00e1pida<\/strong> y <strong>baja curva de aprendizaje<\/strong> de los usuarios y agentes.<\/li>\n<li><strong>Alta escalabilidad,<\/strong> ya que la intenci\u00f3n de la empresa es seguir escalando y ampliando las prestaciones iniciales hacia el modelo de gesti\u00f3n de proyectos en la totalidad de su ciclo de vida.<\/li>\n<li><strong>Coste reducido y adaptado al n\u00famero de usuarios<\/strong>, que ir\u00e1 creciendo seg\u00fan las pr\u00f3ximas necesidades y del plan de ampliaci\u00f3n de la plataforma.<\/li>\n<\/ul>\n<\/div><\/div><\/div><\/div><\/section><section data-vc-full-width=\"true\" data-vc-full-width-init=\"false\" class=\"vc_row wpb_row vc_row-fluid brand22 em22 softbg pt22 pb22  pofo-stretch-content pofo-stretch-row-container\"><div class=\"wpb_column vc_column_container vc_col-sm-8 vc_col-sm-offset-2 vc_col-xs-offset-1 vc_col-xs-10\"><div class=\"vc_column-inner \"><div class=\"wpb_wrapper\"><div class=\"last-paragraph-no-margin\"><h3>Los <strong>principales beneficios<\/strong> que ha obtenido el Grupo Ledesma tras la implantaci\u00f3n de Jira son:<\/h3>\n<p>&nbsp;<\/p>\n<h4>Una plataforma unificada<\/h4>\n<p>Disponer de una <strong>plataforma unificada<\/strong>, que permitir\u00e1 un mayor acceso a la informaci\u00f3n, conectando de una forma sencilla la informaci\u00f3n operativa y de la utilizaci\u00f3n de los recursos.<\/p>\n<h4>Mayor uniformidad<\/h4>\n<p>Mayor <strong>uniformidad<\/strong> en la forma de trabajo y en la definici\u00f3n de los mecanismos de control, facilitando la comunicaci\u00f3n y la movilidad interna.<\/p>\n<h4>Un enfoque metodol\u00f3gico<\/h4>\n<p>Enfoque metodol\u00f3gico que maximiza el valor y minimiza la sobrecarga de los responsables de Ledesma<\/p>\n<h4>Hacer las cosas f\u00e1ciles<\/h4>\n<p><strong>Simplificar la din\u00e1mica<\/strong> de las actividades y eliminar burocracia, para que los diferentes grupos adopten los procesos de manera r\u00e1pida y eficiente para el d\u00eda a d\u00eda de los equipos.<\/p>\n<h4>Dedicar el tiempo a lo que de verdad importa<\/h4>\n<p><strong>Minimizar el tiempo dedicado a funciones administrativas<\/strong> y de imputaci\u00f3n del trabajo, unificando la gesti\u00f3n del trabajo y del control econ\u00f3mico en una misma plataforma.<\/p>\n<h4>Reducci\u00f3n de costes<\/h4>\n<p><strong>Reducir los costes de mantenimiento y evoluci\u00f3n<\/strong> de las funcionalidades de la plataforma, puesto que al ser un producto de mercado con una adopci\u00f3n global el fabricante y su ecosistema lo mantendr\u00e1n actualizado.<\/p>\n<\/div><\/div><\/div><\/div><\/section><div class=\"vc_row-full-width vc_clearfix\"><\/div><section data-vc-full-width=\"true\" data-vc-full-width-init=\"false\" class=\"vc_row wpb_row vc_row-fluid brand22 pt22-sm pb22 cta22 em22  wow fadeIn pofo-stretch-content pofo-stretch-row-container\"><div class=\"wpb_column vc_column_container vc_col-sm-8 vc_col-sm-offset-2 vc_col-xs-offset-1 vc_col-xs-10\"><div class=\"vc_column-inner \"><div class=\"wpb_wrapper\"><div class=\"last-paragraph-no-margin\"><h4>\u00bfHablamos de tu caso?<\/h4>\n<\/div><a  href=\"https:\/\/tecnofor.es\/contacto\/?utm_medium=web&#038;utm_source=caso-exito&#038;utm_content=caso-exito-ledesma#formulario\" target=\"_blank\" class=\"btn btn22 followutm pofo-button-2 button-style1  btn-dark-gray  btn-medium \" >\u00a1Escr\u00edbenos!<\/a><\/div><\/div><\/div><\/section><div class=\"vc_row-full-width vc_clearfix\"><\/div>\n<\/div>","protected":false},"excerpt":{"rendered":"Caso de \u00e9xito Grupo Ledesma a\u00fana la gesti\u00f3n global de sus proyectos en una \u00fanica plataforma en Jira Quiero ser el siguiente caso de \u00e9xito[vc_single_image image=\"52931\" img_size=\"full\" css=\"\"][vc_raw_html css=\"\"]JTVCc25nJTIwaGVybyU1RA==[\/vc_raw_html]Grupo Ledesma es una empresa agroindustrial argentina con 115 a\u00f1os de historia, l\u00edder en la producci\u00f3n de az\u00facar y papel. Adem\u00e1s, la compa\u00f1\u00eda cuenta con una importante participaci\u00f3n en los mercados de frutas y zumos c\u00edtricos, adem\u00e1s de alcohol, bioetanol, carne y cereales. Comprometida con el desarrollo del pa\u00eds, Grupo Ledesma emplea a m\u00e1s de 6.000 personas. En su mayor\u00eda trabajan en Jujuy, provincia en la que naci\u00f3 Ledesma; all\u00ed tienen 40.000 hect\u00e1reas destinadas a la cosecha de su principal materia prima: la ca\u00f1a de az\u00facar. Punto de partida El Grupo Ledesma ten\u00eda una necesidad clara: administrar sus proyectos a trav\u00e9s de una plataforma en la nube que permitiera concentrar la gesti\u00f3n m\u00e1s all\u00e1 de la metodolog\u00eda o marco de trabajo a aplicar. De esta manera, podr\u00edan tener una gesti\u00f3n de recursos multiproyecto. Es decir, la necesidad de contar con una \u00fanica plataforma s\u00f3lida donde almacenar toda la informaci\u00f3n relacionada al conjunto de sus proyectos. Objetivos de la implementaci\u00f3n Es en el a\u00f1o 2022 cuando el Grupo Ledesma se pone en contacto...","protected":false},"author":23,"featured_media":51447,"parent":0,"menu_order":0,"comment_status":"closed","ping_status":"closed","template":"","meta":{"inline_featured_image":false,"footnotes":""},"class_list":["post-48930","page","type-page","status-publish","has-post-thumbnail","hentry"],"yoast_head":"<!-- This site is optimized with the Yoast SEO plugin v26.9 - https:\/\/yoast.com\/product\/yoast-seo-wordpress\/ -->\n<title>Grupo Ledesma gestiona todos sus proyectos en un \u00fanico Jira<\/title>\n<meta name=\"description\" content=\"Grupo Ledesma, una compa\u00f1\u00eda con m\u00e1s de 6.000 empleados, conf\u00eda en TecnoFor para trasladar todos sus proyectos a una \u00fanica plataforma en Jira.\" \/>\n<meta name=\"robots\" content=\"index, follow, max-snippet:-1, max-image-preview:large, max-video-preview:-1\" \/>\n<link rel=\"canonical\" href=\"https:\/\/partners.sngular.com\/atlassian\/grupo-ledesma-auna-la-gestion-global-de-sus-proyectos-en-una-unica-plataforma-en-jira\/\" \/>\n<meta property=\"og:locale\" content=\"es_ES\" \/>\n<meta property=\"og:type\" content=\"article\" \/>\n<meta property=\"og:title\" content=\"Grupo Ledesma gestiona todos sus proyectos en un \u00fanico Jira\" \/>\n<meta property=\"og:description\" content=\"Grupo Ledesma, una compa\u00f1\u00eda con m\u00e1s de 6.000 empleados, conf\u00eda en TecnoFor para trasladar todos sus proyectos a una \u00fanica plataforma en Jira.\" \/>\n<meta property=\"og:url\" content=\"https:\/\/partners.sngular.com\/atlassian\/grupo-ledesma-auna-la-gestion-global-de-sus-proyectos-en-una-unica-plataforma-en-jira\/\" \/>\n<meta property=\"og:site_name\" content=\"Atlassian Sngular\" \/>\n<meta property=\"article:modified_time\" content=\"2026-02-10T14:38:56+00:00\" \/>\n<meta property=\"og:image\" content=\"https:\/\/partners.sngular.com\/atlassian\/wp-content\/uploads\/2025\/10\/imagen-destacada-casos-exito.jpg\" \/>\n\t<meta property=\"og:image:width\" content=\"1920\" \/>\n\t<meta property=\"og:image:height\" content=\"1067\" \/>\n\t<meta property=\"og:image:type\" content=\"image\/jpeg\" \/>\n<meta name=\"twitter:card\" content=\"summary_large_image\" \/>\n<script type=\"application\/ld+json\" class=\"yoast-schema-graph\">{\"@context\":\"https:\/\/schema.org\",\"@graph\":[{\"@type\":\"WebPage\",\"@id\":\"https:\/\/partners.sngular.com\/atlassian\/grupo-ledesma-auna-la-gestion-global-de-sus-proyectos-en-una-unica-plataforma-en-jira\/\",\"url\":\"https:\/\/partners.sngular.com\/atlassian\/grupo-ledesma-auna-la-gestion-global-de-sus-proyectos-en-una-unica-plataforma-en-jira\/\",\"name\":\"Grupo Ledesma gestiona todos sus proyectos en un \u00fanico Jira\",\"isPartOf\":{\"@id\":\"https:\/\/partners.sngular.com\/atlassian\/#website\"},\"primaryImageOfPage\":{\"@id\":\"https:\/\/partners.sngular.com\/atlassian\/grupo-ledesma-auna-la-gestion-global-de-sus-proyectos-en-una-unica-plataforma-en-jira\/#primaryimage\"},\"image\":{\"@id\":\"https:\/\/partners.sngular.com\/atlassian\/grupo-ledesma-auna-la-gestion-global-de-sus-proyectos-en-una-unica-plataforma-en-jira\/#primaryimage\"},\"thumbnailUrl\":\"https:\/\/partners.sngular.com\/atlassian\/wp-content\/uploads\/2025\/10\/imagen-destacada-casos-exito.jpg\",\"datePublished\":\"2025-02-13T18:01:53+00:00\",\"dateModified\":\"2026-02-10T14:38:56+00:00\",\"description\":\"Grupo Ledesma, una compa\u00f1\u00eda con m\u00e1s de 6.000 empleados, conf\u00eda en TecnoFor para trasladar todos sus proyectos a una \u00fanica plataforma en Jira.\",\"breadcrumb\":{\"@id\":\"https:\/\/partners.sngular.com\/atlassian\/grupo-ledesma-auna-la-gestion-global-de-sus-proyectos-en-una-unica-plataforma-en-jira\/#breadcrumb\"},\"inLanguage\":\"es\",\"potentialAction\":[{\"@type\":\"ReadAction\",\"target\":[\"https:\/\/partners.sngular.com\/atlassian\/grupo-ledesma-auna-la-gestion-global-de-sus-proyectos-en-una-unica-plataforma-en-jira\/\"]}]},{\"@type\":\"ImageObject\",\"inLanguage\":\"es\",\"@id\":\"https:\/\/partners.sngular.com\/atlassian\/grupo-ledesma-auna-la-gestion-global-de-sus-proyectos-en-una-unica-plataforma-en-jira\/#primaryimage\",\"url\":\"https:\/\/partners.sngular.com\/atlassian\/wp-content\/uploads\/2025\/10\/imagen-destacada-casos-exito.jpg\",\"contentUrl\":\"https:\/\/partners.sngular.com\/atlassian\/wp-content\/uploads\/2025\/10\/imagen-destacada-casos-exito.jpg\",\"width\":1920,\"height\":1067},{\"@type\":\"BreadcrumbList\",\"@id\":\"https:\/\/partners.sngular.com\/atlassian\/grupo-ledesma-auna-la-gestion-global-de-sus-proyectos-en-una-unica-plataforma-en-jira\/#breadcrumb\",\"itemListElement\":[{\"@type\":\"ListItem\",\"position\":1,\"name\":\"Portada\",\"item\":\"https:\/\/partners.sngular.com\/atlassian\/\"},{\"@type\":\"ListItem\",\"position\":2,\"name\":\"Grupo Ledesma a\u00fana la gesti\u00f3n global de sus proyectos en una \u00fanica plataforma en Jira\"}]},{\"@type\":\"WebSite\",\"@id\":\"https:\/\/partners.sngular.com\/atlassian\/#website\",\"url\":\"https:\/\/partners.sngular.com\/atlassian\/\",\"name\":\"Atlassian Sngular\",\"description\":\"\",\"publisher\":{\"@id\":\"https:\/\/partners.sngular.com\/atlassian\/#organization\"},\"potentialAction\":[{\"@type\":\"SearchAction\",\"target\":{\"@type\":\"EntryPoint\",\"urlTemplate\":\"https:\/\/partners.sngular.com\/atlassian\/?s={search_term_string}\"},\"query-input\":{\"@type\":\"PropertyValueSpecification\",\"valueRequired\":true,\"valueName\":\"search_term_string\"}}],\"inLanguage\":\"es\"},{\"@type\":\"Organization\",\"@id\":\"https:\/\/partners.sngular.com\/atlassian\/#organization\",\"name\":\"TecnoFor\",\"url\":\"https:\/\/partners.sngular.com\/atlassian\/\",\"logo\":{\"@type\":\"ImageObject\",\"inLanguage\":\"es\",\"@id\":\"https:\/\/partners.sngular.com\/atlassian\/#\/schema\/logo\/image\/\",\"url\":\"https:\/\/partners.sngular.com\/atlassian\/wp-content\/uploads\/2022\/03\/Logo-Tecnofor-2022-grande-color-transparente-16-9.png\",\"contentUrl\":\"https:\/\/partners.sngular.com\/atlassian\/wp-content\/uploads\/2022\/03\/Logo-Tecnofor-2022-grande-color-transparente-16-9.png\",\"width\":1123,\"height\":632,\"caption\":\"TecnoFor\"},\"image\":{\"@id\":\"https:\/\/partners.sngular.com\/atlassian\/#\/schema\/logo\/image\/\"}}]}<\/script>\n<!-- \/ Yoast SEO plugin. -->","yoast_head_json":{"title":"Grupo Ledesma gestiona todos sus proyectos en un \u00fanico Jira","description":"Grupo Ledesma, una compa\u00f1\u00eda con m\u00e1s de 6.000 empleados, conf\u00eda en TecnoFor para trasladar todos sus proyectos a una \u00fanica plataforma en Jira.","robots":{"index":"index","follow":"follow","max-snippet":"max-snippet:-1","max-image-preview":"max-image-preview:large","max-video-preview":"max-video-preview:-1"},"canonical":"https:\/\/partners.sngular.com\/atlassian\/grupo-ledesma-auna-la-gestion-global-de-sus-proyectos-en-una-unica-plataforma-en-jira\/","og_locale":"es_ES","og_type":"article","og_title":"Grupo Ledesma gestiona todos sus proyectos en un \u00fanico Jira","og_description":"Grupo Ledesma, una compa\u00f1\u00eda con m\u00e1s de 6.000 empleados, conf\u00eda en TecnoFor para trasladar todos sus proyectos a una \u00fanica plataforma en Jira.","og_url":"https:\/\/partners.sngular.com\/atlassian\/grupo-ledesma-auna-la-gestion-global-de-sus-proyectos-en-una-unica-plataforma-en-jira\/","og_site_name":"Atlassian Sngular","article_modified_time":"2026-02-10T14:38:56+00:00","og_image":[{"width":1920,"height":1067,"url":"https:\/\/partners.sngular.com\/atlassian\/wp-content\/uploads\/2025\/10\/imagen-destacada-casos-exito.jpg","type":"image\/jpeg"}],"twitter_card":"summary_large_image","schema":{"@context":"https:\/\/schema.org","@graph":[{"@type":"WebPage","@id":"https:\/\/partners.sngular.com\/atlassian\/grupo-ledesma-auna-la-gestion-global-de-sus-proyectos-en-una-unica-plataforma-en-jira\/","url":"https:\/\/partners.sngular.com\/atlassian\/grupo-ledesma-auna-la-gestion-global-de-sus-proyectos-en-una-unica-plataforma-en-jira\/","name":"Grupo Ledesma gestiona todos sus proyectos en un \u00fanico Jira","isPartOf":{"@id":"https:\/\/partners.sngular.com\/atlassian\/#website"},"primaryImageOfPage":{"@id":"https:\/\/partners.sngular.com\/atlassian\/grupo-ledesma-auna-la-gestion-global-de-sus-proyectos-en-una-unica-plataforma-en-jira\/#primaryimage"},"image":{"@id":"https:\/\/partners.sngular.com\/atlassian\/grupo-ledesma-auna-la-gestion-global-de-sus-proyectos-en-una-unica-plataforma-en-jira\/#primaryimage"},"thumbnailUrl":"https:\/\/partners.sngular.com\/atlassian\/wp-content\/uploads\/2025\/10\/imagen-destacada-casos-exito.jpg","datePublished":"2025-02-13T18:01:53+00:00","dateModified":"2026-02-10T14:38:56+00:00","description":"Grupo Ledesma, una compa\u00f1\u00eda con m\u00e1s de 6.000 empleados, conf\u00eda en TecnoFor para trasladar todos sus proyectos a una \u00fanica plataforma en Jira.","breadcrumb":{"@id":"https:\/\/partners.sngular.com\/atlassian\/grupo-ledesma-auna-la-gestion-global-de-sus-proyectos-en-una-unica-plataforma-en-jira\/#breadcrumb"},"inLanguage":"es","potentialAction":[{"@type":"ReadAction","target":["https:\/\/partners.sngular.com\/atlassian\/grupo-ledesma-auna-la-gestion-global-de-sus-proyectos-en-una-unica-plataforma-en-jira\/"]}]},{"@type":"ImageObject","inLanguage":"es","@id":"https:\/\/partners.sngular.com\/atlassian\/grupo-ledesma-auna-la-gestion-global-de-sus-proyectos-en-una-unica-plataforma-en-jira\/#primaryimage","url":"https:\/\/partners.sngular.com\/atlassian\/wp-content\/uploads\/2025\/10\/imagen-destacada-casos-exito.jpg","contentUrl":"https:\/\/partners.sngular.com\/atlassian\/wp-content\/uploads\/2025\/10\/imagen-destacada-casos-exito.jpg","width":1920,"height":1067},{"@type":"BreadcrumbList","@id":"https:\/\/partners.sngular.com\/atlassian\/grupo-ledesma-auna-la-gestion-global-de-sus-proyectos-en-una-unica-plataforma-en-jira\/#breadcrumb","itemListElement":[{"@type":"ListItem","position":1,"name":"Portada","item":"https:\/\/partners.sngular.com\/atlassian\/"},{"@type":"ListItem","position":2,"name":"Grupo Ledesma a\u00fana la gesti\u00f3n global de sus proyectos en una \u00fanica plataforma en Jira"}]},{"@type":"WebSite","@id":"https:\/\/partners.sngular.com\/atlassian\/#website","url":"https:\/\/partners.sngular.com\/atlassian\/","name":"Atlassian Sngular","description":"","publisher":{"@id":"https:\/\/partners.sngular.com\/atlassian\/#organization"},"potentialAction":[{"@type":"SearchAction","target":{"@type":"EntryPoint","urlTemplate":"https:\/\/partners.sngular.com\/atlassian\/?s={search_term_string}"},"query-input":{"@type":"PropertyValueSpecification","valueRequired":true,"valueName":"search_term_string"}}],"inLanguage":"es"},{"@type":"Organization","@id":"https:\/\/partners.sngular.com\/atlassian\/#organization","name":"TecnoFor","url":"https:\/\/partners.sngular.com\/atlassian\/","logo":{"@type":"ImageObject","inLanguage":"es","@id":"https:\/\/partners.sngular.com\/atlassian\/#\/schema\/logo\/image\/","url":"https:\/\/partners.sngular.com\/atlassian\/wp-content\/uploads\/2022\/03\/Logo-Tecnofor-2022-grande-color-transparente-16-9.png","contentUrl":"https:\/\/partners.sngular.com\/atlassian\/wp-content\/uploads\/2022\/03\/Logo-Tecnofor-2022-grande-color-transparente-16-9.png","width":1123,"height":632,"caption":"TecnoFor"},"image":{"@id":"https:\/\/partners.sngular.com\/atlassian\/#\/schema\/logo\/image\/"}}]}},"meta_box":[],"_links":{"self":[{"href":"https:\/\/partners.sngular.com\/atlassian\/wp-json\/wp\/v2\/pages\/48930","targetHints":{"allow":["GET"]}}],"collection":[{"href":"https:\/\/partners.sngular.com\/atlassian\/wp-json\/wp\/v2\/pages"}],"about":[{"href":"https:\/\/partners.sngular.com\/atlassian\/wp-json\/wp\/v2\/types\/page"}],"author":[{"embeddable":true,"href":"https:\/\/partners.sngular.com\/atlassian\/wp-json\/wp\/v2\/users\/23"}],"replies":[{"embeddable":true,"href":"https:\/\/partners.sngular.com\/atlassian\/wp-json\/wp\/v2\/comments?post=48930"}],"version-history":[{"count":31,"href":"https:\/\/partners.sngular.com\/atlassian\/wp-json\/wp\/v2\/pages\/48930\/revisions"}],"predecessor-version":[{"id":52985,"href":"https:\/\/partners.sngular.com\/atlassian\/wp-json\/wp\/v2\/pages\/48930\/revisions\/52985"}],"wp:featuredmedia":[{"embeddable":true,"href":"https:\/\/partners.sngular.com\/atlassian\/wp-json\/wp\/v2\/media\/51447"}],"wp:attachment":[{"href":"https:\/\/partners.sngular.com\/atlassian\/wp-json\/wp\/v2\/media?parent=48930"}],"curies":[{"name":"wp","href":"https:\/\/api.w.org\/{rel}","templated":true}]}}